 21 + -20?
7
Evaluate 110 + (-1 + 3 - 6 - 13) + -28 + 36.
101
38 + 2 + -3 - (78 - (124 - 57))
26
What is (-2 - (10 + 17)) + (74 - 11)?
34
Evaluate (717 - 703) + (-3 - (-1 - -11)) + 87.
88
Calculate (-5 + 11 - 14) + (20 - (0 + 4)) - 55.
-47
Evaluate 13 - ((2 - (-91 - -7)) + -24 + 34).
-83
What is -90 - (-5 + (2 - 1) + 0) - (870 + -864)?
-92
Evaluate 83 - ((32 - 1) + (-838 - -836)).
54
-18 + -25 + 104 + -36
25
What is the value of -95 + 107 + 0 + -31 + -45?
-64
Calculate 82 - ((-30 - 3) + (-2 - -10) - (8 + -22)).
93
-1 - 9 - (-33 + (-4 - -2) + 6)
19
(0 - (48 - -1)) + 135 + -185 + 54
-45
-24 + (-4 - (36 + -18)) + 31
-15
What is (317 - 251) + 11 + (-3 - -2) - 15?
61
What is the value of (-34 - -10) + 3 + -11 - (33 + -26)?
-39
Calculate 77 + (-65 - -59) - 109.
-38
What is the value of -9 - 79 - (0 + -11 - (-454 - -460))?
-71
Calculate 50 + 17 + -143 - -50.
-26
Evaluate 41 + -23 + 19 + -37.
0
Evaluate 78 + -5 + 2 + 17 + (-21 - -18).
89
Evaluate 1 + -30 + (-3003 - -2933).
-99
What is the value of (-44 - 97 - 21) + 48 + -22?
-136
-19 + (2 - -2) - (-72 + 109)
-52
Evaluate (-25 - (26 - 32)) + 20 + 1 + (-1 - -52).
53
-13 - (31 + -20 + -26)
2
(-5 - (-10 + 0 - (-7 - -16))) + -29 - 14
-29
What is the value of (-2 + -2 - ((-40 - 30) + 78)) + 65?
53
23 + -167 + (81 - (7 - -31))
-101
-8 + -35 + -30 - (-6 + 13)
-80
What is the value of -3 - (2 - (53 - (5 + -20 + -1)))?
64
What is (-19 - (1 + 13)) + 6 + -3 + (-1 - 5)?
-36
What is the value of (-11 - (1 - 6)) + -228 + 240?
6
Evaluate (1 + -7 - (19 - (-36 + 45))) + -1.
-17
Calculate (-228 - 21 - -97) + 122.
-30
What is 18 - 9 - 6 - (11 + -19) - 25?
-14
Calculate (-49 - -18) + (-415 - -498).
52
What is the value of -161 - -3 - (858 + -927)?
-89
Evaluate -47 + (14 - 4 - 8 - (3 + -1)).
-47
(158 - 120 - (104 + -5)) + (-1 - 0)
-62
Calculate 7 + -50 + 40 + -2 + 62.
57
-5 + (16 - (-17 + 20)) - (34 - 1)
-25
Calculate -18 + 13 + 41 + -15 + 26.
47
Calculate (-37 - -22) + (79 + -11 - -3).
56
Evaluate 14 + 28 + -10 + -38 - (26 - 3 - 0).
-29
What is -3 + 9 - 4 - ((-5 - -1) + -23) - -2?
31
Calculate (-73 - -8 - (0 - (19 + -31))) + 13.
-64
Calculate 56 + -115 + -7 + 29 + -1.
-38
What is the value of 0 + 3 - 15 - (-76 + -7 + -8 + 3)?
76
Evaluate (-27 + 75 - 29) + -65.
-46
What is the value of (0 - 42 - 0) + 20 + (-50 - -54 - 14)?
-32
Evaluate -22 + ((-37 - -20) + 19 - (-7 - -10)).
-23
Evaluate -52 + -50 + (7 - -84).
-11
Calculate 2509 - 2476 - (-2 - 0).
35
Calculate 22 + 1 + (-26 - 45 - -102).
54
What is (38 + -50 - -13) + 29?
30
What is the value of (1 + -3 - 1) + -149 + 145 + 29 + 7?
29
What is 1 - (-5 + 4) - (109 + (-14 - -22) + -27)?
-88
(-9 - (-3 - 0)) + (-4 - 3) - -34
21
What is (1 - 1) + (17 + 10 + -6 + -36 - -9)?
-6
25 - 3 - (13 + -12 + -15)
36
Evaluate -59 + 25 + -45 - -57.
-22
47 - (0 + (-41 - -125))
-37
Evaluate -6 - 26 - (5 + (0 - 4 - 3) - 8).
-22
What is the value of 5 - -21 - (1181 + -1220)?
65
19 - (8 - ((11 - 5) + -1 + 1))
17
What is 15 - (39 - -61 - -48) - (-1 + 17)?
-149
What is the value of 7 + -24 + 9 + -29?
-37
Calculate 1 - (-10 - -2 - (8 + -19)) - (-6 - -56).
-52
Evaluate (-89 - -2) + -2998 + 3064.
-21
Evaluate -30 + -92 - (313 + -462).
27
(-5 - 0) + (-130 - (-98 - 30)) - -15
8
Calculate (-8 - 50 - 2) + 24.
-36
Evaluate -57 - ((-157 - -78) + 79).
-57
9 + (5 - -6) - -7 - 2
25
What is (5 - 2) + -9 - (41 + -44 - (1 + -71))?
-73
1 + 1 - -5 - (0 - (17 - (13 + -8)))
19
Evaluate 23 + (15 - (8 - 6 - -17)) - 58.
-39
Calculate -30 + 84 + -57 + -32.
-35
What is -33 + (88 - (25 + 12)) - 45?
-27
Evaluate 38 + -3 + (16 - -34) + -36 + -1 + -3.
45
What is 41 - (-3 + 9 + -5 + -2 + -12)?
54
What is ((-21 - -9) + 25 - 20) + -33?
-40
What is the value of -2 - 23 - (-12 - (-30 + 23 + -13))?
-33
Evaluate -90 - (12 - (16 - (-25 + 27))).
-88
What is the value of 54 - (-26 - 3) - 73?
10
-58 - (-13 + 15 + 11 + -11 + (0 - 14))
-46
What is the value of 74 - (-14 + 97 + -64)?
55
What is the value of (12 - -12) + -231 + 188?
-19
What is the value of -17 - (-45 + (60 - 19))?
-13
What is 6 - (10 - (-5 - (-6 + 11 - 16)))?
2
24 - (45 - -10) - (3 + -90)
56
(36 - -4) + (-73 + 51 - -21)
39
Evaluate -14 - (82 - 11 - (12 + -19)).
-92
What is -141 + (62 - (30 - -20 - 7))?
-122
Evaluate 9 - (-18 + -52) - (3 - -13).
63
What is 37 + 12 + 21 + -48 - (135 - 1)?
-112
What is the value of 29 + -12 + (4 + (-7 - -5) - (2 - -3))?
14
Calculate -29 - (3 + -4 - -28 - 44).
-12
What is -34 + (22 - (-40 - -39))?
-11
Calculate -137 + -14 + -10 + (19 - -5) + (17 - 2).
-122
What is -81 - ((-145 - -42) + 32)?
-10
24 + (-72 - (31 + -19)) + (0 - (0 - 9))
-51
What is -166 - 66 - -211 - (1 - -64)?
-86
Calculate (-68 - (-11 - -6)) + -2 + -6 - (-17 - -33).
-87
What is -20 + (18 + -43 - -58) + 24?
37
54 + -84 + 11 + 1 + 2
-16
(214 + -226 - (0 - 1)) + 36
25
What is 46 + 1 + (9 - (3 - 22 - -19)) - 1?
55
Calculate (-8 - -13) + 2 + -27 + 136 + -125.
-9
What is the value of 69 - (-1 + 8 - (-5 + -6 + 5))?
56
Calculate (-9 - 3) + -35 + 54 + -51 + (0 - 0).
-44
What is the value of 4 - (59 + -52 - (12 + (-6 - -3) - 2))?
4
Calculate 22 - 18 - (-10 + (17 - 7 - -8) + -16).
12
150 - (-165 + 13 + 156)
146
(-128 - (-34 - 3)) + 54
-37
Calculate (-4 - 1) + 3 + (1 - -1 - 5) - -17.
12
What is the value of -51 + 14 + 53 - 32?
-16
What is the value of 1 - 96 - (14 + (-61 - -40))?
-88
What is the value of (-10 - (7 + -1 + -2) - -9) + 5?
0
Evaluate -9 + -75 + 53 - 46.
-77
Calculate -5 + (-21 - -13 - -3) + 45 - 10.
25
What is the value of 23 - ((-6 - (0 + -2)) + 46 + 71 + -115)?
25
-2 - (108 + 1) - (-244 + 385 - 120)
-132
Evaluate -715 + 734 + (5 + -3 - -17).
38
What is (4 - (-36 + 16 + 5)) + 77 + 16?
112
What is the value of -31 + -16 + 15 - (19 - 24)?
-27
Calculate ((-41 - -23) + 31 - 24) + (1 - -44).
34
What is 36 + (27 - (39 + 122)) + 8?
-90
What is the value of -53 - (-46 + 66) - (-12 - (1 - -1))?
-59
Evaluate -13 + (18 - 34) + -6.
-35
Evaluate -85 - (-28 - (-5 + 8)).
-54
Evaluate 20 - ((47 - 11) + -6) - (4 - 3 - -11).
-22
-60 - 0 - (18 - (14 + 2 + -111 + 117))
-56
Calculate -2972 + 2982 - (3 + (1 - -13) - -3) - -5.
-5
What is the value of (13 - 3) + 0 + (-1 - 126) + 272 + -270?
-115
What is the value of -7 - (-5 - (1 + 9 - (-47 + 62)))?
-7
Calculate 1 + -29 - (-4652 + 4694).
-70
Calculate (-17 - 1) + (-139 + 120 - -59).
22
(-17 - ((-114 - -1) + 8 + -19)) + -1 + -8
98
52 + (-96 - -30) + 32
18
-3 + 47 + 9 + -2 + -11 + -7
33
What is (59 - -1) + (-4809 - -4783)?
34
Calculate -77 + (22 - (-13 - -23)) + 5 + -3 + -14.
-77
Calculate -22 - (32 + (24 - 23) + -40).
-15
Calculate (-22 - (-8 - (0 - -4))) + -4 + 60.
46
-1 - -1 - 16 - (13247 + -13326)
63
What is the value of (-1 - ((-121 - -123) + (0 - -9))) + -1?
-13
Evaluate 101 - (36 + (-89 - -101)).
53
What is (2036 - 2076) + 73 + 0?
33
What is -15 + (-51 - 29 - -41)?
-54
Calculate 90 + -16 - 19 - 40.
15
What is the value of 8 + -1 - ((-6 + 6 - -18) + -7 + -34)?
30
What is the value of (-24 - 0) + (309 - 323 - (-11 - 2))?
-25
Calculate 0 + 64 + 2 + -65.
1
(98 - 59) + -13 + -59
-33
What is the value of 6 + 3 + -14 + 27 + -20?
2
Evaluate 30 - (43 - 54) - 52.
-11
What is the value of (-4561 - -4621) + (-88 - 2)?
-30
Calculate (-15 - 1 - ((-17 - -16) + -5)) + 0 + -13.
-23
Calculate 67 + 40 + -69 + 3.
41
What is -2631 + 2623 - (67 + -4 + 8)?
-79
What is -4 + 22 - (40 - (1 - 44))?
-65
What is the value of (70 - 1) + (-14 - (27 + (-13 - -17 - 39)))?
63
What is the value of 1 + 81 - ((25 - -88 - 83) + (-1 - 25))?
78
Evaluate -1149 - -1120 - (38 - -10).
-77
Calculate -1 + 12 + (-6 - -3) - (-16 - 11 - -29).
6
Evaluate -23 + 39 + -78 + 23.
-39
Calculate -24 + 43 + -48 + -2 + 27 - -120.
116
What is 93 - (-75 - (-234 - -13))?
-53
Evaluate 0 + -104 - (-922 + 900).
-82
-22 + (12 + -3 - -1) + -7 + 4
-15
Evaluate -36 + (-8 - -7) + 5 - (-3 - (11 - 29)).
-47
What is 2 + 101 + 15 + -19 + 2 - -20?
121
Evaluate 7 - (12 + (11 + -63 - 2) + -2).
51
46 + (-50 - (-9 + 67))
-62
What is the value of 0 + 3 - -38 - (-6 - (-17 + 8)) - -10?
48
What is the value of -20 - ((72 - 199) + -13 + 6 + -4)?
118
Evaluate 72 - ((15 - (-17 + 45 + -12)) + -8).
81
What is the value of -19 + (36 - 17 - 34)?
-34
What is -64 + 57 - (22 + -9 - 10)?
-10
Calculate 4 - (-70 - -44) - (-25 - 1).
56
Calculate -65 + (8 - 45) + 44.
-58
-10 - 7 - -29 - (6 + 10 + -11)
7
Evaluate 2 + (-172 - -163 - (1 - ((-